
{"id":3632,"date":"2025-12-03T14:16:56","date_gmt":"2025-12-03T14:16:56","guid":{"rendered":"https:\/\/testweb.previntegral.com\/producto\/instal%c2%b7ador-delements-de-fusteria-i-moble\/"},"modified":"2025-12-03T14:17:48","modified_gmt":"2025-12-03T14:17:48","slug":"montador-de-elementos-de-carpinteria-y-mobiliario","status":"publish","type":"product","link":"https:\/\/testweb.previntegral.com\/es\/producto\/instal%c2%b7ador-delements-de-fusteria-i-moble\/","title":{"rendered":"Montador de carpinter\u00eda y muebles"},"content":{"rendered":"<p>Este curso de\u2019<strong>Montador de carpinter\u00eda y muebles<\/strong> Se entrega en formato 100%. <strong>En persona<\/strong> y tiene una duraci\u00f3n de 20 horas, dirigido a profesionales del sector que desean mejorar sus <strong>Habilidades t\u00e9cnicas<\/strong> y operativos. La formaci\u00f3n combina teor\u00eda y pr\u00e1ctica para garantizar una interpretaci\u00f3n adecuada de <strong>planes<\/strong> i <strong>Instrucciones t\u00e9cnicas<\/strong>, as\u00ed como un dominio avanzado del <strong>T\u00e9cnicas de fijaci\u00f3n<\/strong> y el montaje de elementos de carpinter\u00eda y mobiliario. Otro aspecto fundamental que se aborda durante el curso es el cumplimiento de la <strong>Normas de seguridad<\/strong> y la correcta aplicaci\u00f3n de <strong>Normativa para la tarjeta profesional de la construcci\u00f3n<\/strong>. Adem\u00e1s, se hace hincapi\u00e9 en el <strong>Responsabilidad medioambiental<\/strong> promover la gesti\u00f3n eficiente de materiales y residuos para lograr instalaciones m\u00e1s sostenibles. Esta formaci\u00f3n tambi\u00e9n facilita la mejora en la <strong>Coordinaci\u00f3n y comunicaci\u00f3n<\/strong> dentro del equipo, promoviendo la calidad y la eficiencia del trabajo colaborativo.<\/p>","protected":false},"excerpt":{"rendered":"<p>Aquest curs d&#8217;Instal\u00b7lador d&#8217;elements de fusteria i moble s&#8217;imparteix en modalitat 100% presencial i t\u00e9 una durada de 20 hores, dirigit a professionals del sector que volen millorar les seves compet\u00e8ncies t\u00e8cniques i operatives. La formaci\u00f3 combina teoria i pr\u00e0ctica per garantir una adequada interpretaci\u00f3 de pl\u00e0nols i instruccions t\u00e8cniques, aix\u00ed com un domini avan\u00e7at [&hellip;]<\/p>\n","protected":false},"featured_media":3634,"comment_status":"open","ping_status":"closed","template":"","meta":{"_acf_changed":false},"product_brand":[],"product_cat":[42],"product_tag":[],"class_list":{"0":"post-3632","1":"product","2":"type-product","3":"status-publish","4":"has-post-thumbnail","6":"product_cat-fusta-i-moble","8":"first","9":"instock","10":"virtual","11":"taxable","12":"purchasable","13":"product-type-curso"},"acf":[],"precio_regular_curso":281,"precio_bonificado_curso":296,"_links":{"self":[{"href":"https:\/\/testweb.previntegral.com\/es\/wp-json\/wp\/v2\/product\/3632","targetHints":{"allow":["GET"]}}],"collection":[{"href":"https:\/\/testweb.previntegral.com\/es\/wp-json\/wp\/v2\/product"}],"about":[{"href":"https:\/\/testweb.previntegral.com\/es\/wp-json\/wp\/v2\/types\/product"}],"replies":[{"embeddable":true,"href":"https:\/\/testweb.previntegral.com\/es\/wp-json\/wp\/v2\/comments?post=3632"}],"wp:featuredmedia":[{"embeddable":true,"href":"https:\/\/testweb.previntegral.com\/es\/wp-json\/wp\/v2\/media\/3634"}],"wp:attachment":[{"href":"https:\/\/testweb.previntegral.com\/es\/wp-json\/wp\/v2\/media?parent=3632"}],"wp:term":[{"taxonomy":"product_brand","embeddable":true,"href":"https:\/\/testweb.previntegral.com\/es\/wp-json\/wp\/v2\/product_brand?post=3632"},{"taxonomy":"product_cat","embeddable":true,"href":"https:\/\/testweb.previntegral.com\/es\/wp-json\/wp\/v2\/product_cat?post=3632"},{"taxonomy":"product_tag","embeddable":true,"href":"https:\/\/testweb.previntegral.com\/es\/wp-json\/wp\/v2\/product_tag?post=3632"}],"curies":[{"name":"wp","href":"https:\/\/api.w.org\/{rel}","templated":true}]}}

Montador de carpintería y muebles

<p>Este curso de’<strong>Montador de carpintería y muebles</strong> Se entrega en formato 100%. <strong>En persona</strong> y tiene una duración de 20 horas, dirigido a profesionales del sector que desean mejorar sus <strong>Habilidades técnicas</strong> y operativos. La formación combina teoría y práctica para garantizar una interpretación adecuada de <strong>planes</strong> i <strong>Instrucciones técnicas</strong>, así como un dominio avanzado del <strong>Técnicas de fijación</strong> y el montaje de elementos de carpintería y mobiliario. Otro aspecto fundamental que se aborda durante el curso es el cumplimiento de la <strong>Normas de seguridad</strong> y la correcta aplicación de <strong>Normativa para la tarjeta profesional de la construcción</strong>. Además, se hace hincapié en el <strong>Responsabilidad medioambiental</strong> promover la gestión eficiente de materiales y residuos para lograr instalaciones más sostenibles. Esta formación también facilita la mejora en la <strong>Coordinación y comunicación</strong> dentro del equipo, promoviendo la calidad y la eficiencia del trabajo colaborativo.</p>

<p>Aquest curs d&#8217;Instal·lador d&#8217;elements de fusteria i moble s&#8217;imparteix en modalitat 100% presencial i té una durada de 20 hores, dirigit a professionals del sector que volen millorar les seves competències tècniques i operatives. La formació combina teoria i pràctica per garantir una adequada interpretació de plànols i instruccions tècniques, així com un domini avançat [&hellip;]</p>
