
{"id":3756,"date":"2025-12-03T15:03:28","date_gmt":"2025-12-03T15:03:28","guid":{"rendered":"https:\/\/testweb.previntegral.com\/producto\/especialitat-en-manteniment-de-maquinaria-i-vehicles\/"},"modified":"2026-02-03T10:02:30","modified_gmt":"2026-02-03T10:02:30","slug":"especialitat-en-manteniment-de-maquinaria-i-vehicles","status":"publish","type":"product","link":"https:\/\/testweb.previntegral.com\/es\/producto\/especialitat-en-manteniment-de-maquinaria-i-vehicles\/","title":{"rendered":"Especializados en el mantenimiento de maquinaria y veh\u00edculos."},"content":{"rendered":"<p>Este curso de <strong>Mantenimiento de maquinaria y veh\u00edculos<\/strong> est\u00e0 especialment dissenyat per a professionals del sector de la construcci\u00f3 que necessiten completar la seva formaci\u00f3 segons el <strong>Convenio Col\u00b7lectiu<\/strong>. Con una duraci\u00f3n de <strong>6 horas<\/strong> y modo <strong>En persona<\/strong>, ofereix una formaci\u00f3 pr\u00e0ctica i te\u00f2rica que permet adquirir les <strong>Habilidades necesarias<\/strong> per al manteniment segur i eficient dels equips i vehicles utilitzats a les obres. Aquesta capacitaci\u00f3 \u00e9s clau per prevenir incidents i garantir que tots els processos es facin sota els est\u00e0ndards de seguretat requerits. A m\u00e9s, el curs est\u00e0 impartit per un centre homologat per la Fundaci\u00f3 Laboral de la Construcci\u00f3, assegurant aix\u00ed que la formaci\u00f3 \u00e9s reconeguda i ajustada a la normativa vigent. \u00c9s una oportunitat excel\u00b7lent per millorar la seguretat, augmentar la professionalitat i complir amb les <strong>obligaciones de formaci\u00f3n<\/strong> del conveni en l\u2019\u00e0mbit del manteniment.<\/p>","protected":false},"excerpt":{"rendered":"<p>Aquest curs de Manteniment de maquin\u00e0ria i vehicles est\u00e0 especialment dissenyat per a professionals del sector de la construcci\u00f3 que necessiten completar la seva formaci\u00f3 segons el Convenio Col\u00b7lectiu. Amb una durada de 6 hores i modalitat presencial, ofereix una formaci\u00f3 pr\u00e0ctica i te\u00f2rica que permet adquirir les compet\u00e8ncies necess\u00e0ries per al manteniment segur i [&hellip;]<\/p>\n","protected":false},"featured_media":3758,"comment_status":"open","ping_status":"closed","template":"","meta":{"_acf_changed":false},"product_brand":[],"product_cat":[38],"product_tag":[],"class_list":{"0":"post-3756","1":"product","2":"type-product","3":"status-publish","4":"has-post-thumbnail","6":"product_cat-construccio","8":"first","9":"instock","10":"virtual","11":"taxable","12":"purchasable","13":"product-type-curso"},"acf":[],"precio_regular_curso":124,"precio_bonificado_curso":130,"_links":{"self":[{"href":"https:\/\/testweb.previntegral.com\/es\/wp-json\/wp\/v2\/product\/3756","targetHints":{"allow":["GET"]}}],"collection":[{"href":"https:\/\/testweb.previntegral.com\/es\/wp-json\/wp\/v2\/product"}],"about":[{"href":"https:\/\/testweb.previntegral.com\/es\/wp-json\/wp\/v2\/types\/product"}],"replies":[{"embeddable":true,"href":"https:\/\/testweb.previntegral.com\/es\/wp-json\/wp\/v2\/comments?post=3756"}],"wp:featuredmedia":[{"embeddable":true,"href":"https:\/\/testweb.previntegral.com\/es\/wp-json\/wp\/v2\/media\/3758"}],"wp:attachment":[{"href":"https:\/\/testweb.previntegral.com\/es\/wp-json\/wp\/v2\/media?parent=3756"}],"wp:term":[{"taxonomy":"product_brand","embeddable":true,"href":"https:\/\/testweb.previntegral.com\/es\/wp-json\/wp\/v2\/product_brand?post=3756"},{"taxonomy":"product_cat","embeddable":true,"href":"https:\/\/testweb.previntegral.com\/es\/wp-json\/wp\/v2\/product_cat?post=3756"},{"taxonomy":"product_tag","embeddable":true,"href":"https:\/\/testweb.previntegral.com\/es\/wp-json\/wp\/v2\/product_tag?post=3756"}],"curies":[{"name":"wp","href":"https:\/\/api.w.org\/{rel}","templated":true}]}}

Especializados en el mantenimiento de maquinaria y vehículos.

<p>Este curso de <strong>Mantenimiento de maquinaria y vehículos</strong> està especialment dissenyat per a professionals del sector de la construcció que necessiten completar la seva formació segons el <strong>Convenio Col·lectiu</strong>. Con una duración de <strong>6 horas</strong> y modo <strong>En persona</strong>, ofereix una formació pràctica i teòrica que permet adquirir les <strong>Habilidades necesarias</strong> per al manteniment segur i eficient dels equips i vehicles utilitzats a les obres. Aquesta capacitació és clau per prevenir incidents i garantir que tots els processos es facin sota els estàndards de seguretat requerits. A més, el curs està impartit per un centre homologat per la Fundació Laboral de la Construcció, assegurant així que la formació és reconeguda i ajustada a la normativa vigent. És una oportunitat excel·lent per millorar la seguretat, augmentar la professionalitat i complir amb les <strong>obligaciones de formación</strong> del conveni en l’àmbit del manteniment.</p>

<p>Aquest curs de Manteniment de maquinària i vehicles està especialment dissenyat per a professionals del sector de la construcció que necessiten completar la seva formació segons el Convenio Col·lectiu. Amb una durada de 6 hores i modalitat presencial, ofereix una formació pràctica i teòrica que permet adquirir les competències necessàries per al manteniment segur i [&hellip;]</p>
