
{"id":4799,"date":"2025-12-05T10:47:31","date_gmt":"2025-12-05T10:47:31","guid":{"rendered":"https:\/\/testweb.previntegral.com\/producto\/delegats-de-prevencio-2\/"},"modified":"2026-02-03T10:02:31","modified_gmt":"2026-02-03T10:02:31","slug":"delegats-de-prevencio-2","status":"publish","type":"product","link":"https:\/\/testweb.previntegral.com\/es\/producto\/delegats-de-prevencio-2\/","title":{"rendered":"Delegados de prevenci\u00f3n"},"content":{"rendered":"<p>El curso de <strong>Delegados de prevenci\u00f3n<\/strong> est\u00e0 dissenyat per a persones treballadores del sector de la construcci\u00f3 que han estat designades per representar els seus companys en mat\u00e8ria de <strong>Salud y seguridad en el trabajo<\/strong>. Aquesta formaci\u00f3, totalment <strong>En persona<\/strong> y con una duraci\u00f3n de <strong>70 horas<\/strong>, respon a les exig\u00e8ncies legals i proporciona els coneixements b\u00e0sics sobre la normativa vigent, els drets i deures dels treballadors en prevenci\u00f3 de riscos laborals. Durant el curs, es facilita la comprensi\u00f3 dels principals <strong>Riesgos laborales<\/strong> espec\u00edfics del sector i les estrat\u00e8gies preventives m\u00e9s efectives per afrontar-los. A m\u00e9s, es potencia la capacitat d\u2019aquests representants per participar de manera activa en la <strong>gesti\u00f3n preventiva<\/strong> i la coordinaci\u00f3 d\u2019activitats dins l\u2019empresa, una funci\u00f3 clau per garantir un entorn de treball segur i saludable.<\/p>","protected":false},"excerpt":{"rendered":"<p>El curs de Delegats de Prevenci\u00f3 est\u00e0 dissenyat per a persones treballadores del sector de la construcci\u00f3 que han estat designades per representar els seus companys en mat\u00e8ria de seguretat i salut laboral. Aquesta formaci\u00f3, totalment presencial i amb una durada de 70 hores, respon a les exig\u00e8ncies legals i proporciona els coneixements b\u00e0sics sobre [&hellip;]<\/p>\n","protected":false},"featured_media":4801,"comment_status":"open","ping_status":"closed","template":"","meta":{"_acf_changed":false},"product_brand":[],"product_cat":[38],"product_tag":[],"class_list":{"0":"post-4799","1":"product","2":"type-product","3":"status-publish","4":"has-post-thumbnail","6":"product_cat-construccio","8":"first","9":"instock","10":"virtual","11":"taxable","12":"purchasable","13":"product-type-curso"},"acf":[],"precio_regular_curso":817,"precio_bonificado_curso":860,"_links":{"self":[{"href":"https:\/\/testweb.previntegral.com\/es\/wp-json\/wp\/v2\/product\/4799","targetHints":{"allow":["GET"]}}],"collection":[{"href":"https:\/\/testweb.previntegral.com\/es\/wp-json\/wp\/v2\/product"}],"about":[{"href":"https:\/\/testweb.previntegral.com\/es\/wp-json\/wp\/v2\/types\/product"}],"replies":[{"embeddable":true,"href":"https:\/\/testweb.previntegral.com\/es\/wp-json\/wp\/v2\/comments?post=4799"}],"wp:featuredmedia":[{"embeddable":true,"href":"https:\/\/testweb.previntegral.com\/es\/wp-json\/wp\/v2\/media\/4801"}],"wp:attachment":[{"href":"https:\/\/testweb.previntegral.com\/es\/wp-json\/wp\/v2\/media?parent=4799"}],"wp:term":[{"taxonomy":"product_brand","embeddable":true,"href":"https:\/\/testweb.previntegral.com\/es\/wp-json\/wp\/v2\/product_brand?post=4799"},{"taxonomy":"product_cat","embeddable":true,"href":"https:\/\/testweb.previntegral.com\/es\/wp-json\/wp\/v2\/product_cat?post=4799"},{"taxonomy":"product_tag","embeddable":true,"href":"https:\/\/testweb.previntegral.com\/es\/wp-json\/wp\/v2\/product_tag?post=4799"}],"curies":[{"name":"wp","href":"https:\/\/api.w.org\/{rel}","templated":true}]}}

Delegados de prevención

<p>El curso de <strong>Delegados de prevención</strong> està dissenyat per a persones treballadores del sector de la construcció que han estat designades per representar els seus companys en matèria de <strong>Salud y seguridad en el trabajo</strong>. Aquesta formació, totalment <strong>En persona</strong> y con una duración de <strong>70 horas</strong>, respon a les exigències legals i proporciona els coneixements bàsics sobre la normativa vigent, els drets i deures dels treballadors en prevenció de riscos laborals. Durant el curs, es facilita la comprensió dels principals <strong>Riesgos laborales</strong> específics del sector i les estratègies preventives més efectives per afrontar-los. A més, es potencia la capacitat d’aquests representants per participar de manera activa en la <strong>gestión preventiva</strong> i la coordinació d’activitats dins l’empresa, una funció clau per garantir un entorn de treball segur i saludable.</p>

<p>El curs de Delegats de Prevenció està dissenyat per a persones treballadores del sector de la construcció que han estat designades per representar els seus companys en matèria de seguretat i salut laboral. Aquesta formació, totalment presencial i amb una durada de 70 hores, respon a les exigències legals i proporciona els coneixements bàsics sobre [&hellip;]</p>
