
{"id":5521,"date":"2025-12-09T16:49:53","date_gmt":"2025-12-09T16:49:53","guid":{"rendered":"https:\/\/testweb.previntegral.com\/producto\/instal%c2%b7lacio-dascensors\/"},"modified":"2026-02-11T15:44:35","modified_gmt":"2026-02-11T15:44:35","slug":"instal%c2%b7lacio-dascensors","status":"publish","type":"product","link":"https:\/\/testweb.previntegral.com\/es\/producto\/instal%c2%b7lacio-dascensors\/","title":{"rendered":"Instalaci\u00f3n de ascensor"},"content":{"rendered":"<p>El curs Instal\u00b7laci\u00f3 d\u2019ascensors est\u00e0 dissenyat per complir les exig\u00e8ncies del <strong>Conveni col\u00b7lectiu del metall<\/strong> per a treballs en <strong>trabajos de construcci\u00f3n<\/strong> i facilitar l\u2019acc\u00e9s segur als centres de treball. T\u00e9 una durada de <strong>20 horas<\/strong> en <strong>Modo presencial<\/strong> i s\u2019imparteix a Previntegral, centre homologat per la FLC (n\u00fam. 0505080031). El programa segueix l\u2019estructura oficial: 14 h de <strong>part com\u00fa o troncal<\/strong> (organitzaci\u00f3 de la prevenci\u00f3, drets i deures, <strong>Coordinaci\u00f3n de actividades empresariales<\/strong>, equips <strong>\u00cdndice de protecci\u00f3n equivalente<\/strong>, senyalitzaci\u00f3 i riscos generals del sector) i 6 h d\u2019<strong>especialidad<\/strong> orientada a l\u2019ofici d\u2019instal\u00b7laci\u00f3 d\u2019ascensors: procediments segurs de <strong>muntatge i posada en marxa<\/strong>, treballs en <strong>altura<\/strong>, maniobres amb mitjans auxiliars, riscos el\u00e8ctrics i mec\u00e0nics, i actuaci\u00f3 davant emerg\u00e8ncies. Si ja disposes de la part troncal, nom\u00e9s haur\u00e0s de cursar les 6 h d\u2019especialitat. Aquesta formaci\u00f3 acredita la <strong>prevenci\u00f3n de riesgos laborales<\/strong> que exigeix el sector i \u00e9s renovable mitjan\u00e7ant <strong>Reciclaje cada 4 a\u00f1os<\/strong> (4 h). Per a tasques espec\u00edfiques (p. ex. PEMP o amiant) pot requerir-se formaci\u00f3 addicional.<\/p>","protected":false},"excerpt":{"rendered":"<p>El curs Instal\u00b7laci\u00f3 d\u2019ascensors est\u00e0 dissenyat per complir les exig\u00e8ncies del Conveni col\u00b7lectiu del metall per a treballs en obra de construcci\u00f3 i facilitar l\u2019acc\u00e9s segur als centres de treball. T\u00e9 una durada de 20 hores en modalitat presencial i s\u2019imparteix a Previntegral, centre homologat per la FLC (n\u00fam. 0505080031). El programa segueix l\u2019estructura oficial: [&hellip;]<\/p>\n","protected":false},"featured_media":5525,"comment_status":"open","ping_status":"closed","template":"","meta":{"_acf_changed":false},"product_brand":[],"product_cat":[52],"product_tag":[],"class_list":{"0":"post-5521","1":"product","2":"type-product","3":"status-publish","4":"has-post-thumbnail","6":"product_cat-metall-obra","8":"first","9":"instock","10":"virtual","11":"taxable","12":"purchasable","13":"product-type-curso"},"acf":[],"precio_regular_curso":0,"precio_bonificado_curso":0,"_links":{"self":[{"href":"https:\/\/testweb.previntegral.com\/es\/wp-json\/wp\/v2\/product\/5521","targetHints":{"allow":["GET"]}}],"collection":[{"href":"https:\/\/testweb.previntegral.com\/es\/wp-json\/wp\/v2\/product"}],"about":[{"href":"https:\/\/testweb.previntegral.com\/es\/wp-json\/wp\/v2\/types\/product"}],"replies":[{"embeddable":true,"href":"https:\/\/testweb.previntegral.com\/es\/wp-json\/wp\/v2\/comments?post=5521"}],"wp:featuredmedia":[{"embeddable":true,"href":"https:\/\/testweb.previntegral.com\/es\/wp-json\/wp\/v2\/media\/5525"}],"wp:attachment":[{"href":"https:\/\/testweb.previntegral.com\/es\/wp-json\/wp\/v2\/media?parent=5521"}],"wp:term":[{"taxonomy":"product_brand","embeddable":true,"href":"https:\/\/testweb.previntegral.com\/es\/wp-json\/wp\/v2\/product_brand?post=5521"},{"taxonomy":"product_cat","embeddable":true,"href":"https:\/\/testweb.previntegral.com\/es\/wp-json\/wp\/v2\/product_cat?post=5521"},{"taxonomy":"product_tag","embeddable":true,"href":"https:\/\/testweb.previntegral.com\/es\/wp-json\/wp\/v2\/product_tag?post=5521"}],"curies":[{"name":"wp","href":"https:\/\/api.w.org\/{rel}","templated":true}]}}

Instalación de ascensor

<p>El curs Instal·lació d’ascensors està dissenyat per complir les exigències del <strong>Conveni col·lectiu del metall</strong> per a treballs en <strong>trabajos de construcción</strong> i facilitar l’accés segur als centres de treball. Té una durada de <strong>20 horas</strong> en <strong>Modo presencial</strong> i s’imparteix a Previntegral, centre homologat per la FLC (núm. 0505080031). El programa segueix l’estructura oficial: 14 h de <strong>part comú o troncal</strong> (organització de la prevenció, drets i deures, <strong>Coordinación de actividades empresariales</strong>, equips <strong>Índice de protección equivalente</strong>, senyalització i riscos generals del sector) i 6 h d’<strong>especialidad</strong> orientada a l’ofici d’instal·lació d’ascensors: procediments segurs de <strong>muntatge i posada en marxa</strong>, treballs en <strong>altura</strong>, maniobres amb mitjans auxiliars, riscos elèctrics i mecànics, i actuació davant emergències. Si ja disposes de la part troncal, només hauràs de cursar les 6 h d’especialitat. Aquesta formació acredita la <strong>prevención de riesgos laborales</strong> que exigeix el sector i és renovable mitjançant <strong>Reciclaje cada 4 años</strong> (4 h). Per a tasques específiques (p. ex. PEMP o amiant) pot requerir-se formació addicional.</p>

<p>El curs Instal·lació d’ascensors està dissenyat per complir les exigències del Conveni col·lectiu del metall per a treballs en obra de construcció i facilitar l’accés segur als centres de treball. Té una durada de 20 hores en modalitat presencial i s’imparteix a Previntegral, centre homologat per la FLC (núm. 0505080031). El programa segueix l’estructura oficial: [&hellip;]</p>
