
{"id":5584,"date":"2025-12-09T16:58:50","date_gmt":"2025-12-09T16:58:50","guid":{"rendered":"https:\/\/testweb.previntegral.com\/producto\/reciclatge-en-instal%c2%b7lacio-dascensors\/"},"modified":"2026-02-11T15:44:35","modified_gmt":"2026-02-11T15:44:35","slug":"reciclaje-en-la-estacion-de-esqui","status":"publish","type":"product","link":"https:\/\/testweb.previntegral.com\/es\/producto\/reciclatge-en-instal%c2%b7lacio-dascensors\/","title":{"rendered":"Reciclaje en la instalaci\u00f3n de ascensores"},"content":{"rendered":"<p>La formaci\u00f3n de\u2019<strong>Instalaci\u00f3n de ascensor<\/strong> es la\u2019<strong>especialidad de 6 horas<\/strong> del convenio de la metalurgia para trabajos en obra y te permite acceder al <strong>centro de trabajo \u201cobra de construcci\u00f3n\u201d<\/strong> con las garant\u00edas requeridas. Es una formaci\u00f3n 100% <strong>En persona<\/strong> no <strong>en l\u00ednea<\/strong>impartida por Previntegral, centro homologado por la FLC n\u00fam. 0505080031, y complementa la <strong>Parte central de 14 horas<\/strong> (solo se hace una vez) hasta las 20 h del itinerario del convenio. Trabajamos los <strong>riesgos espec\u00edficos<\/strong> del sector: trabajar en el <strong>cabina del ascensor<\/strong>, que han bajado a distintos niveles y <strong>Trabajar en altura<\/strong>, orden y limpieza, maniobras y manipulaci\u00f3n de cargas, <strong>Riesgo el\u00e9ctrico<\/strong> (maniobras y potencia), herramientas y medios auxiliares, anclajes y protecciones colectivas, se\u00f1alizaci\u00f3n, procedimientos de emergencia y rescate, as\u00ed como el <strong>Coordinaci\u00f3n de actividades empresariales<\/strong> y derechos y obligaciones. Si realizas tareas espec\u00edficas (por ejemplo,. <strong>Eliminaci\u00f3n de amianto<\/strong> o uso de <strong>Plan m\u00e9dico de emergencia p\u00fablica<\/strong>), necesitar\u00e1s formaci\u00f3n adicional. El acuerdo establece un <strong>Reciclar cada 4 horas cada 4 a\u00f1os.<\/strong>.<\/p>","protected":false},"excerpt":{"rendered":"<p>La formaci\u00f3 d\u2019Instal\u00b7laci\u00f3 d\u2019ascensors \u00e9s l\u2019especialitat de 6 hores del conveni del metall per a treballs en obra i et permet accedir al centre de treball \u201cobra de construcci\u00f3\u201d amb les garanties requerides. \u00c9s una formaci\u00f3 100% presencial (no online) impartida per Previntegral, centre homologat per la FLC n\u00fam. 0505080031, i complementa la part troncal [&hellip;]<\/p>\n","protected":false},"featured_media":5588,"comment_status":"open","ping_status":"closed","template":"","meta":{"_acf_changed":false},"product_brand":[],"product_cat":[52],"product_tag":[],"class_list":{"0":"post-5584","1":"product","2":"type-product","3":"status-publish","4":"has-post-thumbnail","6":"product_cat-metall-obra","8":"first","9":"instock","10":"virtual","11":"taxable","12":"purchasable","13":"product-type-curso"},"acf":[],"precio_regular_curso":0,"precio_bonificado_curso":0,"_links":{"self":[{"href":"https:\/\/testweb.previntegral.com\/es\/wp-json\/wp\/v2\/product\/5584","targetHints":{"allow":["GET"]}}],"collection":[{"href":"https:\/\/testweb.previntegral.com\/es\/wp-json\/wp\/v2\/product"}],"about":[{"href":"https:\/\/testweb.previntegral.com\/es\/wp-json\/wp\/v2\/types\/product"}],"replies":[{"embeddable":true,"href":"https:\/\/testweb.previntegral.com\/es\/wp-json\/wp\/v2\/comments?post=5584"}],"wp:featuredmedia":[{"embeddable":true,"href":"https:\/\/testweb.previntegral.com\/es\/wp-json\/wp\/v2\/media\/5588"}],"wp:attachment":[{"href":"https:\/\/testweb.previntegral.com\/es\/wp-json\/wp\/v2\/media?parent=5584"}],"wp:term":[{"taxonomy":"product_brand","embeddable":true,"href":"https:\/\/testweb.previntegral.com\/es\/wp-json\/wp\/v2\/product_brand?post=5584"},{"taxonomy":"product_cat","embeddable":true,"href":"https:\/\/testweb.previntegral.com\/es\/wp-json\/wp\/v2\/product_cat?post=5584"},{"taxonomy":"product_tag","embeddable":true,"href":"https:\/\/testweb.previntegral.com\/es\/wp-json\/wp\/v2\/product_tag?post=5584"}],"curies":[{"name":"wp","href":"https:\/\/api.w.org\/{rel}","templated":true}]}}

Reciclaje en la instalación de ascensores

<p>La formación de’<strong>Instalación de ascensor</strong> es la’<strong>especialidad de 6 horas</strong> del convenio de la metalurgia para trabajos en obra y te permite acceder al <strong>centro de trabajo “obra de construcción”</strong> con las garantías requeridas. Es una formación 100% <strong>En persona</strong> no <strong>en línea</strong>impartida por Previntegral, centro homologado por la FLC núm. 0505080031, y complementa la <strong>Parte central de 14 horas</strong> (solo se hace una vez) hasta las 20 h del itinerario del convenio. Trabajamos los <strong>riesgos específicos</strong> del sector: trabajar en el <strong>cabina del ascensor</strong>, que han bajado a distintos niveles y <strong>Trabajar en altura</strong>, orden y limpieza, maniobras y manipulación de cargas, <strong>Riesgo eléctrico</strong> (maniobras y potencia), herramientas y medios auxiliares, anclajes y protecciones colectivas, señalización, procedimientos de emergencia y rescate, así como el <strong>Coordinación de actividades empresariales</strong> y derechos y obligaciones. Si realizas tareas específicas (por ejemplo,. <strong>Eliminación de amianto</strong> o uso de <strong>Plan médico de emergencia pública</strong>), necesitarás formación adicional. El acuerdo establece un <strong>Reciclar cada 4 horas cada 4 años.</strong>.</p>

<p>La formació d’Instal·lació d’ascensors és l’especialitat de 6 hores del conveni del metall per a treballs en obra i et permet accedir al centre de treball “obra de construcció” amb les garanties requerides. És una formació 100% presencial (no online) impartida per Previntegral, centre homologat per la FLC núm. 0505080031, i complementa la part troncal [&hellip;]</p>
